8*y - 4*y - 4 = 4*p, p - 29 = -z*y. What is the units digit of p?
4
Let g(j) = -j**3 + 8*j**2 - j. Let h be g(8). Let y = 44 - h. What is the tens digit of y?
5
Let d = -66 + 269. Suppose d = 9*y - 472. What is the tens digit of y?
7
Let q be 0*(2 - (-36)/(-16)). Suppose -10*j + 5*j + 10 = q. Suppose -2*p + 20 = -j. What is the units digit of p?
1
Let r = -325 + 231. Let l = -13 - r. What is the tens digit of l?
8
Let p = 231 + 68. Let o = p - 140. What is the tens digit of o?
5
What is the hundreds digit of (6/(-4))/(6/(-676))?
1
Suppose 2*g = -q - q - 148, 0 = -3*g + 2*q - 217. Let h = 108 + g. Suppose -2*o + 15 = -h. What is the units digit of o?
5
Suppose 642 = 22*p - 19*p. Let z = p + -97. What is the tens digit of z?
1
Let i(s) = 78*s - 71. What is the units digit of i(9)?
1
What is the hundreds digit of (-4)/(16/(-7))*-4 - -2398?
3
Suppose -4*t - 453 = -69. Let m = 159 + t. What is the tens digit of m?
6
Let r be (-114 + 15/(-5))/1. Let t = r - -175. What is the tens digit of t?
5
Let j(o) = 4*o - 3. Let r be j(5). Let h(d) = -d**2 + 19*d + 12. What is the tens digit of h(r)?
4
Let m(x) = 13*x**3 + 2*x**2 + 3*x - 2. Let h be m(3). Let z = h + -260. What is the hundreds digit of z?
1
Let v(s) be the first derivative of 17*s**2 - s + 1. Let q = -176 + 177. What is the tens digit of v(q)?
3
Let i(q) = q**3 + 5*q**2 + 4*q - 1. Let y be i(-3). Let w(j) = 2*j - 9. Let c be w(9). Suppose y*m = 1 + c. What is the units digit of m?
2
Let z be ((-399)/28)/(-1 + 141/144). Suppose -144 = 2*p - z. What is the units digit of p?
0
What is the units digit of 24930/105 + (-9)/21?
7
Let t(x) = x**2 + 4*x - 22. Let y be t(-5). What is the hundreds digit of 17/(y/2) - 296/(-2)?
1
Suppose v = -m + 10, 0*v + 2*m = -4*v + 30. Suppose -u + 3*u - 398 = 3*j, 0 = 4*u + 4*j - 796. Suppose -v*n + 16 = -u. What is the units digit of n?
3
Suppose -3*d - 2*d = 5. Let u be (-74 + -7)*d/3. Let j = 4 + u. What is the tens digit of j?
3
Let b = 20 + -18. Suppose -3*x = 2*j - 44, -5*x + 40 + 60 = -b*j. What is the tens digit of (-804)/x*(-6)/4?
6
Suppose -4*y - u + 1102 = y, y + 4*u = 209. Suppose a - 6 = 2*a. What is the units digit of (y/51)/((-2)/a)?
3
Let b(j) = -3*j**3 - 20*j**2 - 23*j - 17. Let h(f) = f**3 + f**2 + 1. Let r(s) = -b(s) - 2*h(s). What is the units digit of r(-16)?
9
What is the hundreds digit of (-6)/(-4)*-2 + 273?
2
Suppose 456 = s - 27*x + 29*x, 0 = 3*s - x - 1354. What is the tens digit of s?
5
What is the units digit of (5 + 20/(-16))*264/2?
5
Let v = 634 + 362. What is the hundreds digit of v?
9
Let n(z) = z**3 - 14*z**2 - 7*z - 59. What is the tens digit of n(15)?
6
Let i be (-1 - (-1 - -2)*-9) + -3. Suppose -149 - 181 = -i*d. What is the tens digit of d?
6
What is the thousands digit of (7401/4)/((-6)/(-216)*27)?
2
What is the units digit of (132/8)/(-2 + (-489)/(-240))?
0
Suppose 222 = 2*r - 8*r. Let v be ((-14)/8)/(2/64). Let m = r - v. What is the tens digit of m?
1
Let n(s) = -47*s**2 - 1. Let d(z) = 188*z**2 + 4. Let x(q) = -2*d(q) - 9*n(q). Let j be x(-1). Let y = -9 + j. What is the tens digit of y?
3
Let r be 4 + (-2)/1 - -85. Suppose r = w - 9. What is the tens digit of w?
9
Let o = 257 - 87. Let f = o - 62. What is the hundreds digit of f?
1
Suppose -2*z = -5*z + 3*l + 3825, 5*l = -2*z + 2536. What is the hundreds digit of z?
2
Let b be 6/15 + 4/(-10). Let x be b/((-6)/(-2) + -6). Suppose x = 4*z - 2*k - 118, 2*k = 7*k - 5. What is the tens digit of z?
3
Let j(m) = m**2 + 15*m - 3. What is the hundreds digit of j(-22)?
1
Let u(s) = s**3 - 29*s**2 + s - 8. What is the tens digit of u(29)?
2
Let u(y) = 26*y**2 - 13*y - 38. What is the units digit of u(9)?
1
Let s = -406 + 685. What is the hundreds digit of s?
2
Suppose -p + 720 + 369 = 0. What is the units digit of p?
9
Suppose 3*c - 953 = 6766. What is the hundreds digit of c?
5
Let t = 18 - 11. Let n(g) = -1 + t*g - 6*g - 2*g. What is the units digit of n(-14)?
3
Let q(s) = s**2 + 24*s - 169. What is the tens digit of q(-39)?
1
Let k(g) = -4*g + 2. Let y be k(-5). Suppose 2 + y = 4*r. What is the units digit of 107/5 - r/(-10)?
2
What is the tens digit of 5786/16 + 162/432?
6
Suppose x - 1458 = 2*p + 2*p, 0 = 3*x - 5*p - 4388. What is the units digit of x?
6
Suppose 3*i = 259 - 82. Let w = i + -40. Let z = 39 - w. What is the units digit of z?
0
What is the hundreds digit of 2 + -2 + 819 + 0?
8
Suppose -5*v = -12196 - 18454. What is the tens digit of v?
3
What is the tens digit of ((-10)/3)/(2/(-321))?
3
Suppose 3819 = 8*c + 1043. What is the hundreds digit of c?
3
Suppose -5*h + 2*z - z = -207, 0 = 5*h - 3*z - 201. What is the tens digit of h?
4
Let g be (-2)/(374/(-124) - -3). What is the tens digit of (g/12 - 3)*6?
4
Let n(z) = -85*z**3 - 4*z + 159*z**3 - 75*z**3 + 12*z**2 + 7. What is the hundreds digit of n(5)?
1
Let d(w) = w**3 - 35*w**2 + 32*w + 76. What is the units digit of d(38)?
4
Suppose -3*b - 2*t = -15, 0 + 6 = -b + 3*t. Suppose -d = -b*d. Suppose d = 3*x - 4*o - 71, -o + 91 = 2*x + x. What is the units digit of x?
9
Let w(l) = -451*l + 8 + 3*l**2 - 1 + 5 + 418*l. What is the units digit of w(15)?
2
Let n = 330 - 132. What is the hundreds digit of n?
1
Let r(i) = i**2 - 7. Let x be r(3). Suppose 0 = x*z + 5*z - 203. What is the units digit of z?
9
Suppose 0 = -5*b + w - 1098, -5*b - 2*w - 605 - 499 = 0. Let v = b + 363. What is the hundreds digit of v?
1
Let x = -911 + 1931. What is the units digit of x?
0
Suppose -8*p = -7*p - 6. Suppose -p - 6 = t. What is the units digit of (t/(-30))/(1/10)?
4
Suppose 0 = -2*u + 6, -2*q = u - 701 + 204. What is the hundreds digit of q?
2
Suppose -773*p = -763*p - 20470. What is the units digit of p?
7
Let s(t) = -2*t**3 - 12*t**2 - 21*t - 8. What is the units digit of s(-10)?
2
Suppose 3 = 5*i - 7. Let c(r) = r + r + 0 + r + r**2 + i. What is the units digit of c(3)?
0
Let j(f) = 3*f - 19. Let c be j(15). Suppose -5 - c = d. Let q = 58 + d. What is the units digit of q?
7
Let q(c) be the first derivative of -10*c**4 - 2*c**3/3 + c + 9. What is the units digit of q(-1)?
9
What is the hundreds digit of -7 + 2 + (3 - 3) - -407?
4
Let w(y) = -y**3 + 12*y**2 + 24*y + 1. Let f be w(13). Let b = f - 134. What is the units digit of b?
0
Suppose -4119 = -9*b + 31521. What is the thousands digit of b?
3
Let z = 24 - -8. Suppose 0*k = -2*k - z. Let b = k - -55. What is the tens digit of b?
3
Suppose 0 = 19*n - 14*n - 180. Suppose 0 = -7*f + 309 - n. What is the tens digit of f?
3
Suppose 4*d - 1720 = -2*u + 6*d, 0 = 4*u + 3*d - 3475. What is the units digit of u?
5
Let d(o) = o**3 - 9*o**2 - 27*o - 10. What is the tens digit of d(17)?
4
Let s be ((-11)/(-3))/(170/84 - 2). Let q = s - 68. What is the units digit of q?
6
Suppose 0 = -3*g - 4*f - 8 + 3, 5*g = -f + 20. Let q be -8 - (g + 8/(-4)). Let v(d) = -d**3 - 10*d**2 + 10*d + 2. What is the tens digit of v(q)?
1
Suppose -3*j - 12 = -6*j. Suppose j = 5*y + 19. What is the units digit of y/(-2) + 15/6?
4
Suppose d + 4 = 3*x - 0*d, -x = -d + 2. Suppose 2*c + x*o = 96, 0*o - 217 = -5*c + 4*o. What is the tens digit of c?
4
Let y(p) = 70*p + 193. What is the units digit of y(8)?
3
Let x = -435 - -990. What is the units digit of x?
5
Let t(z) = 934*z - 65. What is the tens digit of t(1)?
6
Suppose 0 = -11*s + 17651 + 6670. What is the hundreds digit of s?
2
Suppose 194 + 2011 = 5*n. What is the tens digit of n?
4
Suppose 3*i - 3*a = 576, 2*i - 82 - 302 = a. What is the units digit of i?
2
Let w = -26 - -31. Suppose 0 = 2*y - w*y - 24. Let d(s) = -6*s - 14. What is the units digit of d(y)?
4
Let f(b) be the first derivative of -b**4/4 + b**3/3 + b**2 + 126*b + 23. What is the tens digit of f(0)?
2
What is the thousands digit of (-11545)/(-7) - 146/511?
1
Let s = 19 - 14. Suppose 5*c - 5 = 5*j + 20, -c = -s*j - 5. Suppose j = 3*i - 8*i + 140. What is the units digit of i?
8
Let a(o) = 2*o**3 - 36*o**2 + 5*o - 81. What is the units digit of a(18)?
9
Let x(b) = -b - 2. Let m be x(-5). Suppose -4*r - 17 = 3*c, 9 = m*c - 4*r - 14. Let s(t) = 23*t - 1. What is the tens digit of s(c)?
2
Let s(z) = 2210*z**2 + 45*z - 45. What is the hundreds digit of s(1)?
2
Suppose c + 1 = 5. Let n be ((-6)/4)/(c/(-48)). What is the units digit of ((-27)/(-6))/(3/n)?
7
Suppose -4 = 2*d - 3*g - 0, d - 16 = -3*g. Let p be